{"id":3808,"date":"2020-10-23T08:51:54","date_gmt":"2020-10-23T08:51:54","guid":{"rendered":"https:\/\/fotokopi.com.tr\/?post_type=product&#038;p=3808"},"modified":"2025-12-28T05:24:37","modified_gmt":"2025-12-28T05:24:37","slug":"samsung-scx4828-f-fn","status":"publish","type":"product","link":"https:\/\/fotokopi.com.tr\/index.php\/urun\/samsung-scx4828-f-fn\/","title":{"rendered":"Samsung SCX4828 F-FN"},"content":{"rendered":"<table>\n<tbody>\n<tr>\n<td class=\"no-border\">\n<div id=\"productDescriptionContent\">\n<p>Samsung SCX4828FN \u00c7ok Fonksiyonlu Yaz\u0131c\u0131<\/p>\n<ul class=\"sf-autogenerated\">\n<li><b>BASKI<\/b><\/li>\n<li>Y\u00f6ntem Lazer<\/li>\n<li>H\u0131z 28 ppm A4 (30 ppm Letter)<\/li>\n<li><b>\u00c7\u00f6z\u00fcn\u00fcrl\u00fck<\/b><\/li>\n<li>\u0130lk Bask\u0131 H\u0131z\u0131 8.5 saniye<\/li>\n<li>\u00c7ift Y\u00f6nl\u00fc Bask\u0131 (Dubleks) Otomatik<\/li>\n<li>Bask\u0131 Dili PCL5e, PCL6, PS3<\/li>\n<li><b>FOTOKOP\u0130<\/b><\/li>\n<li>H\u0131z 28 cpm A4<\/li>\n<li>\u00c7\u00f6z\u00fcn\u00fcrl\u00fck 1200 x 1200 dpi<\/li>\n<li>\u0130lk Kopya \u00c7\u0131k\u0131\u015f H\u0131z\u0131 11 saniyeden az<\/li>\n<li>Zoom %25 ~ %400 (Tepsi Besleme) (%25 ~ % 100 ADF besleme)<\/li>\n<li>\u00c7oklu Kopya 2 ~ 99 sayfa<\/li>\n<li>\u00d6zel Kopyalama Se\u00e7enekleri Kimlik, Klon, N-UP ve Poster Kopyalama, Harmanlama, Otomatik s\u0131\u011fd\u0131rma<\/li>\n<li>\u00c7ift Y\u00f6nl\u00fc Kopya Otomatik<b>TARAMA<\/b><\/li>\n<li>Uyumluluk Twain Standart, WIA Standart (Win XP)<\/li>\n<li>\u00a0Tarama y\u00f6ntemi Renkli CIS<\/li>\n<li>\u00a0\u00c7\u00f6z\u00fcn\u00fcl\u00fcrl\u00fck Optik 1200 X 1200 dpi, Geli\u015fmi\u015f 4800 X 4800<\/li>\n<li>\u00d6zel Tarama Se\u00e7enekleri Bilgisayara, USB ye ve E-Postaya<b>FAX<\/b><\/li>\n<li>Uyumluluk ITU-T G3, ECM<\/li>\n<li>Modem H\u0131z\u0131 33.6 Kbps<\/li>\n<li>\u00c7\u00f6z\u00fcn\u00fcrl\u00fck 301 x 300 dpi (S\/B), 200 x 200 dpi (Renkli)<\/li>\n<li>Bellek 3.2 MB<\/li>\n<li>Otomatik Arama 201 yere h\u0131zl\u0131 arama<\/li>\n<li>Faks \u00d6zelli\u011fi Fax to Email\/Fax, Gereksiz fakslar\u0131 bloklama, 209 farkl\u0131 yere yay\u0131n<\/li>\n<li><b>KA\u011eIT Y\u00d6NET\u0130M\u0130<\/b><\/li>\n<li>Ka\u011f\u0131t Giri\u015f Kapasitesi 251 sayfal\u0131k ka\u011f\u0131t \u00e7ekmecesi, 1 sayfa manuel<\/li>\n<li>Ka\u011f\u0131t \u00c7\u0131k\u0131\u015f Kapasitesi 150 sayfa y\u00fcz a\u015fa\u011f\u0131<\/li>\n<li>Medya \u00d6l\u00e7\u00fcs\u00fc 67 x 127 mm &#8211; 216 X 356 mm<\/li>\n<li>ADF Besleme 50 sayfa<\/li>\n<li>ADF Medya\u00d6l\u00e7\u00fcs\u00fc Geni\u015flik : 142 &#8211; 216 mm, Uzunluk : 148 &#8211; 356 mm<\/li>\n<li>\u00d6zel Medya Deste\u011fi \u00c7izgisiz, \u0130nce, Geri D\u00f6n\u00fc\u015f\u00fcml\u00fc, OHP, Etiket, Kart, Kal\u0131n, Bond<\/li>\n<li><b>GENEL<\/b><\/li>\n<li>\u00a0Net \u00d6l\u00e7\u00fcler 446 X 410 X 395 mm<\/li>\n<li>\u00a0LCD 2 sat\u0131r X 16 karakter<\/li>\n<li>\u00a0Bellek 128MB (Max 384)<\/li>\n<li>\u00a0Arabirim USB 2.0, Ethernet 10\/100BaseTX<\/li>\n<li>\u00a0OS Uyumlulu\u011fu Windows 2000\/2003\/Server\/XP\/Vista, \u00c7e\u015fitli Linux versiyonlar\u0131,Mac 10.3 &#8211; 10.6<\/li>\n<li>G\u00fcr\u00fclt\u00fc Seviyesi &lt; 49 dBA (Bask\u0131), &lt; 53 dBA (Kopyalama), &lt; 26 dBA (Bekleme)<\/li>\n<li>Ayl\u0131k Bask\u0131 Hacmi 50.000 sayfa<\/li>\n<li><b>T\u00dcKET\u0130M<\/b><\/li>\n<li>\u00a0Tip Tek kartu\u015f<\/li>\n<li>\u00a0Toner Kapasitesi 5.000 sayfa (Ba\u015flang\u0131\u00e7 toneri 2.000 sayfa)<\/li>\n<li>Toner Model MLT-D209S, MLT-D209L<\/li>\n<\/ul>\n<\/div>\n<\/td>\n<\/tr>\n<\/tbody>\n<\/table>\n<div id=\"ctl00_ContentPlaceHolder1_ProductControl1_MainControl1_TabControl1_ProductDescription1_CustomContentBottom\"><\/div>\n<table>\n<tbody>\n<tr>\n<td class=\"no-border\">\n<table>\n<tbody>\n<tr>\n<td>\n<div class=\"tealium\">\n<div id=\"ccs-inline-content\" class=\"cnet-integration\"><\/div>\n<\/div>\n<\/td>\n<\/tr>\n<\/tbody>\n<\/table>\n<table>\n<tbody>\n<tr>\n<td>\n<div id=\"productTechSpecContainer\">\n<table class=\"data-list tech-spec\">\n<caption>\u00a0<\/caption>\n<tbody>\n<tr>\n<th>A\u011f\u0131rl\u0131k (kg)<\/th>\n<td>14,4<\/td>\n<\/tr>\n<tr>\n<th>Bask\u0131 T\u00fcr\u00fc<\/th>\n<td>Siyah &#8211; Beyaz<\/td>\n<\/tr>\n<tr>\n<th>Dakikadaki Siyah\/Beyaz Bask\u0131 H\u0131z\u0131(Max)<\/th>\n<td>28 Sayfa<\/td>\n<\/tr>\n<tr>\n<th>Ethernet Ba\u011flant\u0131s\u0131<\/th>\n<td>Var<\/td>\n<\/tr>\n<tr>\n<th>Faks \u00d6zelli\u011fi<\/th>\n<td>Var<\/td>\n<\/tr>\n<tr>\n<th>Foto\u011fraf Bask\u0131s\u0131<\/th>\n<td>Yok<\/td>\n<\/tr>\n<tr>\n<th>Fotokopi \u00d6zelli\u011fi<\/th>\n<td>Var<\/td>\n<\/tr>\n<tr>\n<th>Renkli Tarama<\/th>\n<td>Var<\/td>\n<\/tr>\n<tr>\n<th>Tarama \u00c7\u00f6z\u00fcn\u00fcrl\u00fc\u011f\u00fc<\/th>\n<td>1200 DPI<\/td>\n<\/tr>\n<tr>\n<th>Taray\u0131c\u0131 \u00d6zelli\u011fi<\/th>\n<td>Var<\/td>\n<\/tr>\n<tr>\n<th>USB<\/th>\n<td>Var<\/td>\n<\/tr>\n<tr>\n<th>Wi-Fi<\/th>\n<td>Yok<\/td>\n<\/tr>\n<\/tbody>\n<\/table>\n<table class=\"data-list tech-spec\">\n<caption>Di\u011fer<\/caption>\n<tbody>\n<tr>\n<th>Garanti S\u00fcresi (Ay)<\/th>\n<td>24<\/td>\n<\/tr>\n<tr>\n<th>Yurt D\u0131\u015f\u0131 Sat\u0131\u015f<\/th>\n<td>Yok<\/td>\n<\/tr>\n<tr>\n<th>Stok Kodu<\/th>\n<td>BD87711<\/td>\n<\/tr>\n<\/tbody>\n<\/table>\n<\/div>\n<\/td>\n<\/tr>\n<\/tbody>\n<\/table>\n<\/td>\n<\/tr>\n<\/tbody>\n<\/table>\n","protected":false},"excerpt":{"rendered":"<p>Samsung SCX4828FN \u00c7ok Fonksiyonlu Yaz\u0131c\u0131 BASKI Y\u00f6ntem Lazer H\u0131z 28 ppm A4 (30 ppm Letter) \u00c7\u00f6z\u00fcn\u00fcrl\u00fck \u0130lk Bask\u0131 H\u0131z\u0131 8.5 saniye \u00c7ift Y\u00f6nl\u00fc Bask\u0131 (Dubleks) Otomatik Bask\u0131 Dili PCL5e, PCL6, PS3 FOTOKOP\u0130 H\u0131z 28 cpm A4 \u00c7\u00f6z\u00fcn\u00fcrl\u00fck 1200 x 1200 dpi \u0130lk Kopya \u00c7\u0131k\u0131\u015f H\u0131z\u0131 11 saniyeden az Zoom %25 ~ %400 (Tepsi Besleme) (%25 ~ % 100 ADF besleme) \u00c7oklu Kopya 2 ~ 99 sayfa \u00d6zel Kopyalama Se\u00e7enekleri Kimlik, Klon, N-UP ve Poster Kopyalama, Harmanlama, Otomatik s\u0131\u011fd\u0131rma \u00c7ift Y\u00f6nl\u00fc [&hellip;]<\/p>\n","protected":false},"featured_media":3814,"comment_status":"open","ping_status":"closed","template":"","meta":{"_bbp_topic_count":0,"_bbp_reply_count":0,"_bbp_total_topic_count":0,"_bbp_total_reply_count":0,"_bbp_voice_count":0,"_bbp_anonymous_reply_count":0,"_bbp_topic_count_hidden":0,"_bbp_reply_count_hidden":0,"_bbp_forum_subforum_count":0},"yoast_head":"<!-- This site is optimized with the Yoast SEO plugin v15.1.1 - https:\/\/yoast.com\/wordpress\/plugins\/seo\/ -->\n<title>Samsung SCX4828 F-FN - Fotokopix<\/title>\n<meta name=\"robots\" content=\"index, follow, max-snippet:-1, max-image-preview:large, max-video-preview:-1\" \/>\n<link rel=\"canonical\" href=\"https:\/\/fotokopi.com.tr\/index.php\/urun\/samsung-scx4828-f-fn\/\" \/>\n<meta property=\"og:locale\" content=\"tr_TR\" \/>\n<meta property=\"og:type\" content=\"article\" \/>\n<meta property=\"og:title\" content=\"Samsung SCX4828 F-FN - Fotokopix\" \/>\n<meta property=\"og:description\" content=\"Samsung SCX4828FN \u00c7ok Fonksiyonlu Yaz\u0131c\u0131 BASKI Y\u00f6ntem Lazer H\u0131z 28 ppm A4 (30 ppm Letter) \u00c7\u00f6z\u00fcn\u00fcrl\u00fck \u0130lk Bask\u0131 H\u0131z\u0131 8.5 saniye \u00c7ift Y\u00f6nl\u00fc Bask\u0131 (Dubleks) Otomatik Bask\u0131 Dili PCL5e, PCL6, PS3 FOTOKOP\u0130 H\u0131z 28 cpm A4 \u00c7\u00f6z\u00fcn\u00fcrl\u00fck 1200 x 1200 dpi \u0130lk Kopya \u00c7\u0131k\u0131\u015f H\u0131z\u0131 11 saniyeden az Zoom %25 ~ %400 (Tepsi Besleme) (%25 ~ % 100 ADF besleme) \u00c7oklu Kopya 2 ~ 99 sayfa \u00d6zel Kopyalama Se\u00e7enekleri Kimlik, Klon, N-UP ve Poster Kopyalama, Harmanlama, Otomatik s\u0131\u011fd\u0131rma \u00c7ift Y\u00f6nl\u00fc [&hellip;]\" \/>\n<meta property=\"og:url\" content=\"https:\/\/fotokopi.com.tr\/index.php\/urun\/samsung-scx4828-f-fn\/\" \/>\n<meta property=\"og:site_name\" content=\"Fotokopix\" \/>\n<meta property=\"article:modified_time\" content=\"2025-12-28T05:24:37+00:00\" \/>\n<meta property=\"og:image\" content=\"https:\/\/fotokopi.com.tr\/wp-content\/uploads\/2020\/10\/4828-yazici.png\" \/>\n\t<meta property=\"og:image:width\" content=\"375\" \/>\n\t<meta property=\"og:image:height\" content=\"375\" \/>\n<meta name=\"twitter:card\" content=\"summary_large_image\" \/>\n<script type=\"application\/ld+json\" class=\"yoast-schema-graph\">{\"@context\":\"https:\/\/schema.org\",\"@graph\":[{\"@type\":\"WebSite\",\"@id\":\"https:\/\/fotokopi.com.tr\/#website\",\"url\":\"https:\/\/fotokopi.com.tr\/\",\"name\":\"Fotokopix\",\"description\":\"T\\u00fcrkiye&#039;nin Fotokopicisi\",\"potentialAction\":[{\"@type\":\"SearchAction\",\"target\":\"https:\/\/fotokopi.com.tr\/?s={search_term_string}\",\"query-input\":\"required name=search_term_string\"}],\"inLanguage\":\"tr\"},{\"@type\":\"ImageObject\",\"@id\":\"https:\/\/fotokopi.com.tr\/index.php\/urun\/samsung-scx4828-f-fn\/#primaryimage\",\"inLanguage\":\"tr\",\"url\":\"https:\/\/fotokopi.com.tr\/wp-content\/uploads\/2020\/10\/4828-yazici.png\",\"width\":375,\"height\":375},{\"@type\":\"WebPage\",\"@id\":\"https:\/\/fotokopi.com.tr\/index.php\/urun\/samsung-scx4828-f-fn\/#webpage\",\"url\":\"https:\/\/fotokopi.com.tr\/index.php\/urun\/samsung-scx4828-f-fn\/\",\"name\":\"Samsung SCX4828 F-FN - Fotokopix\",\"isPartOf\":{\"@id\":\"https:\/\/fotokopi.com.tr\/#website\"},\"primaryImageOfPage\":{\"@id\":\"https:\/\/fotokopi.com.tr\/index.php\/urun\/samsung-scx4828-f-fn\/#primaryimage\"},\"datePublished\":\"2020-10-23T08:51:54+00:00\",\"dateModified\":\"2025-12-28T05:24:37+00:00\",\"inLanguage\":\"tr\",\"potentialAction\":[{\"@type\":\"ReadAction\",\"target\":[\"https:\/\/fotokopi.com.tr\/index.php\/urun\/samsung-scx4828-f-fn\/\"]}]}]}<\/script>\n<!-- \/ Yoast SEO plugin. -->","_links":{"self":[{"href":"https:\/\/fotokopi.com.tr\/index.php\/wp-json\/wp\/v2\/product\/3808"}],"collection":[{"href":"https:\/\/fotokopi.com.tr\/index.php\/wp-json\/wp\/v2\/product"}],"about":[{"href":"https:\/\/fotokopi.com.tr\/index.php\/wp-json\/wp\/v2\/types\/product"}],"replies":[{"embeddable":true,"href":"https:\/\/fotokopi.com.tr\/index.php\/wp-json\/wp\/v2\/comments?post=3808"}],"wp:featuredmedia":[{"embeddable":true,"href":"https:\/\/fotokopi.com.tr\/index.php\/wp-json\/wp\/v2\/media\/3814"}],"wp:attachment":[{"href":"https:\/\/fotokopi.com.tr\/index.php\/wp-json\/wp\/v2\/media?parent=3808"}],"curies":[{"name":"wp","href":"https:\/\/api.w.org\/{rel}","templated":true}]}}